the second derivative of h**5/20 + 11*h**4/12 + 5*h**3/6 - 9*h**2/2 + 13*h. What are the prime factors of g(-7)?
2, 19
Let z = -423 - -789. List the prime factors of z.
2, 3, 61
Suppose -6327 = -4*x - 5*a, -4*x + 3*a + 1038 = -5265. What are the prime factors of x?
2, 3, 263
Let z(x) = x**2 + 2*x + 17. Let h be z(-5). Suppose 2*y - h = -2*y. Suppose 83 = 5*c + y. List the prime factors of c.
3, 5
Let o(w) = -5*w + 6. Let r be o(-6). Let b = r - -53. List the prime factors of b.
89
Suppose -2*f + 4 = -4. Suppose -4*m - 48 = -f*k - 0*k, -3*k - m + 20 = 0. Suppose w - k = -0*w. List the prime factors of w.
2
What are the prime factors of 86/(-301) - 5952/(-7)?
2, 5, 17
Suppose -50*c + 33718 = -4*c. List the prime factors of c.
733
Suppose -1602*y + 1600*y + 7120 = 0. What are the prime factors of y?
2, 5, 89
Suppose 4*q + 15 = 7. What are the prime factors of 693/14 - 3/q?
3, 17
Let g(z) = 19*z - 40. Let m be g(3). Suppose -m*q - 2610 = -26*q. What are the prime factors of q?
2, 5, 29
Let s(n) = 38*n**2 - 5*n - 4. Let g(m) = 2*m**3 + 13*m**2 + 8*m + 11. Let t be g(-6). List the prime factors of s(t).
3, 13
Suppose 2*b = 10, -2*b - 1856 = -5*l - 296. Let h = -110 + l. List the prime factors of h.
2, 3, 17
Suppose -k + 5 = -7. Let w = k + 36. Suppose 0*s = -4*s + w. List the prime factors of s.
2, 3
Let k(z) = z**3 - 16*z**2 - 3*z - 23. Let y be k(17). Let x = y + -93. What are the prime factors of x?
2, 61
Let n = 184 + -99. Suppose 5*x = k + x - 33, -n = -3*k + 5*x. What are the prime factors of k - (1 + -3 + 1)?
2, 13
Suppose -174 = -9*r + 3*r. Suppose -4*b + 75 + r = 0. List the prime factors of b.
2, 13
Let a be (3/(-5))/(4/20). Let o be 1/a - (-280)/(-15). Let c = 25 + o. List the prime factors of c.
2, 3
Suppose 0 = 2*n - 9 - 1. Suppose -n*w + 5 = -0. Let i(p) = 42*p**2 - p. What are the prime factors of i(w)?
41
Let n be 40/(-50) + 14/5. Suppose -66 = -n*g + 8. List the prime factors of g.
37
Let h(k) be the second derivative of 1/20*k**5 - 5/6*k**3 + k**2 - k + 0 + 3/4*k**4. What are the prime factors of h(-9)?
47
Suppose -3*p = -8 - 49. Let x = p + 44. What are the prime factors of x?
3, 7
Suppose 7*m - 9*m = -5*p - 11978, -5*m + 29945 = -4*p. List the prime factors of m.
53, 113
Let l be 2058/105 - 6/10. What are the prime factors of (l/(-3) - 0)/((-1)/18)?
2, 3, 19
Let i be (-1 + 1)/3 - -2. Suppose 0 = i*p - 8 + 2. Suppose 0 = y - p - 1. What are the prime factors of y?
2
Suppose 5*p - 3*v = 3 - 2, -9 = -3*v. Let w(g) = g + 3. Let h be w(0). Suppose 2*l + 64 = p*i - 4, 0 = -h*l + 15. What are the prime factors of i?
3, 13
Suppose 0 = -3*y + 3*f + 1338, -3*y - 42 + 1356 = 5*f. What are the prime factors of y?
443
Let i(y) = 369*y + 110. List the prime factors of i(3).
1217
Let l = -64 + 75. Let q(c) = c**3 - 11*c**2 + 11*c - 6. What are the prime factors of q(l)?
5, 23
Suppose 3*x + 3*f = 2*f + 775, 5*x = 5*f + 1325. Suppose -12*p + x = -7*p. List the prime factors of p.
2, 13
Let r(j) = 20*j - 156. List the prime factors of r(25).
2, 43
Let g(b) = b**2 - 9*b + 3. Let k be g(6). Let m be (36/k)/(9/30). Let f = 11 + m. List the prime factors of f.
3
Suppose -i - 313 + 836 = 0. Suppose 7*m = i + 1388. What are the prime factors of m?
3, 7, 13
Let n be (3/(-2))/((-9)/(-6)). Suppose 3 + 2 = 5*q. Let i = q - n. List the prime factors of i.
2
Suppose 4 = -4*q, -4*q = -4*p + 122 - 10. Suppose -23*z - 436 = -p*z. What are the prime factors of z?
109
Let m = -201 - -237. What are the prime factors of m?
2, 3
Let t(i) = i - 11. Let b be t(13). Suppose -4*z = 2*o - 386, -4*o + 2*o = b*z - 194. List the prime factors of z.
2, 3
Suppose -2*t = -4*h + 1398, 5*t = 3*t - 10. What are the prime factors of h?
347
Let y = -29 + 34. Suppose -t - 706 = -y*i, t = i - 6 - 132. List the prime factors of i.
2, 71
Let z(k) = 139*k**2 + 52*k + 4. List the prime factors of z(-4).
2, 5, 101
List the prime factors of 1 - -3390 - (28/(-2) - -9).
2, 3, 283
Suppose -4*o + 7824 = 2*o. What are the prime factors of o?
2, 163
Suppose -5*b + 18479 = -2*n, 4*n + n + 18485 = 5*b. List the prime factors of b.
5, 739
Let k be 1/1*(-10)/5. Let g = 5 - k. Suppose 4*b - g = 1. List the prime factors of b.
2
Let j(a) = 2*a**2 - 10*a - 4. Let d be (2/6)/(1/27). List the prime factors of j(d).
2, 17
Let z(v) = -v**3 + v**2 + 5*v + 1491. What are the prime factors of z(0)?
3, 7, 71
Let o(l) = 484*l + 8. What are the prime factors of o(3)?
2, 5, 73
Suppose 0 = 4*z + 4*o - 19170 + 7346, 0 = -4*z + 5*o + 11788. What are the prime factors of z?
2, 3, 41
Let y(i) = -i**2 - 25*i + 60. Let v be y(-27). What are the prime factors of (32/v)/(-6*6/(-702))?
2, 13
Let d(a) = 34*a + 7. Let o be d(4). Let u = o - 96. What are the prime factors of u?
47
List the prime factors of -2*(807/(-6) - (-3 + 4)).
271
Let c(k) = -k**3 - 8*k**2 + 9*k. Let s be c(-9). Let w(z) = 2 - 2*z - 12*z + s + 4*z. What are the prime factors of w(-2)?
2, 11
Let b(f) = 4*f - 25. Let i be b(6). List the prime factors of 510*i*-1*(-6)/(-12).
3, 5, 17
Suppose -24 - 36 = 3*g. Let p = 15 - g. List the prime factors of p.
5, 7
Let x(d) = -d**3 + 31*d**2 - 22*d - 83. List the prime factors of x(19).
3, 1277
Suppose 15*y - 11*y - 96 = 0. Let j = 21 - 38. Let u = y + j. List the prime factors of u.
7
What are the prime factors of 156/(-260) - 6406/20*-2?
2, 5
Let l be 23/5 + 16/40. Let k = 191 + -135. Suppose -5*v - 205 = -l*q, 0 = q - v - 3*v - k. List the prime factors of q.
2, 3
Let d(k) = 45*k**2 - 10*k - 12. List the prime factors of d(-3).
3, 47
What are the prime factors of (-10031)/14*(-3 - 5)?
2, 1433
Let d(y) = 127*y - 72. What are the prime factors of d(6)?
2, 3, 5, 23
Let t be (-108)/(-4)*5/((-10)/4). Let j = t - -122. List the prime factors of j.
2, 17
Let c be -3*(-3)/(-3) - -1. Let u = 1 - c. Let a = u + 23. List the prime factors of a.
2, 13
Let l(v) = -20*v - 24. Let m be l(-10). Suppose -3*u + m = -5*h - 0*h, -u = 5*h - 52. What are the prime factors of u?
3, 19
Let p = -891 - -2107. What are the prime factors of p?
2, 19
Suppose o + 2*a + 10 = 0, -2*o = -0*o - a - 5. Suppose o = -2*p - b - 6, 2*p - 4*b + 2 = -4. Let h = 5 - p. List the prime factors of h.
2
Let r be 2 + -2 - (-2 - 0). Suppose -81 + 7 = -r*o. List the prime factors of o - 2*(2 + 0).
3, 11
Let h = -216 - -151. List the prime factors of h/(-3)*(3 + (-4 - -7)).
2, 5, 13
Suppose 7*g - 16 = 6*g. Let q be (g/10)/((-8)/20). List the prime factors of q/(-18) + 129/27.
5
What are the prime factors of 1882*(-1)/(-5)*30/4?
3, 941
Let w(l) = -29*l + 339. List the prime factors of w(11).
2, 5
Suppose 7*r = 2922 + 25001. What are the prime factors of r?
3989
Let j = -46 - -53. Suppose 9*a - j*a - 34 = 0. List the prime factors of a.
17
Suppose -3*i + 232 = i. Let f be 1/(-2) + (-185)/(-2). Let l = f - i. List the prime factors of l.
2, 17
Let w = -84 - -89. Suppose 4*b = 3*s - 72 - 484, w*b = -5*s + 915. What are the prime factors of s?
2, 23
List the prime factors of 25/(0 + 5) + 489.
2, 13, 19
Let w(i) = -14*i - 2*i**2 - 75*i**3 + 30*i - 17*i. What are the prime factors of w(-1)?
2, 37
Suppose -3*a - 6 = 3*a. List the prime factors of 171 + (a/2)/((-3)/(-6)).
2, 5, 17
Let p = -16 + 18. Suppose 16 = p*n + 2*n. Suppose -3*t = 5*f - 261, f - n*t = 6*f - 258. What are the prime factors of f?
2, 3
Suppose 0 = n - 7*n - 48. Let d be (n + 4)*24/(-4). What are the prime factors of (d - 3)/1 + -3?
2, 3
Let a(z) = -z**3 + 9*z**2 - 6*z + 6. Let u be a(8). Let f be (-2630)/(-55) - (-4)/u. List the prime factors of 220/33*f/5.
2
Let y(c) = c - 12. Let q be y(10). Let u(z) be the first derivative of -5*z**2 + 4*z - 6. List the prime factors of u(q).
2, 3
Suppose 5*q - 8 = -2*t, 0 = 3*q - 2*q - 2*t + 8. Suppose -2*a + 336 + 214 = q. What are the prime factors of a?
5, 11
Let a = -5 + -3. Let c = a - -13. List the prime factors of c.
5
Suppose 0 = 2*q - 3*f + 8*f - 45, 0 = -3*q + 5*f + 55. Suppose 2*j = -3*j - 4*t + 185, 0 = -4*t - q. What are the prime factors of j?
41
Let p(z) = -13*z**3 - 2*z**2 - 2*z - 3. Let w be p(-2). Let n = -48 + w. Suppose -6*u + 167 = -n. List the prime factors of u.
2, 3
Let u be ((-5)/6)/(1/(-6)). Suppose u*t - 129 - 71 = 0. List the prime factors of t.
2, 5
List the prime factors of (4/(-6))/((-14)/21) - -712.
23, 31
Suppose 5*v + 4*l = -1